{"id":36,"date":"2025-03-23T11:28:32","date_gmt":"2025-03-23T11:28:32","guid":{"rendered":"http:\/\/xn--fmmelse-n2a.info\/?page_id=36"},"modified":"2025-03-24T15:48:16","modified_gmt":"2025-03-24T15:48:16","slug":"home","status":"publish","type":"page","link":"http:\/\/xn--fmmelse-n2a.info\/","title":{"rendered":"HOME"},"content":{"rendered":"\n<p>Auf dieser Seite dreht sich in k\u00fcrze alles um den Ortsteil F\u00fcmmelse, zugeh\u00f6rig der Stadt Wolfenb\u00fcttel!<\/p>\n\n\n\n<figure class=\"wp-block-image size-full\"><img loading=\"lazy\" decoding=\"async\" width=\"244\" height=\"268\" src=\"http:\/\/xn--fmmelse-n2a.info\/wp-content\/uploads\/2025\/03\/Wappen_Fuemmelse.png\" alt=\"\" class=\"wp-image-52\"\/><\/figure>\n","protected":false},"excerpt":{"rendered":"<p>Auf dieser Seite dreht sich in k\u00fcrze alles um den Ortsteil F\u00fcmmelse, zugeh\u00f6rig der Stadt Wolfenb\u00fcttel!<\/p>\n","protected":false},"author":1,"featured_media":0,"parent":0,"menu_order":0,"comment_status":"closed","ping_status":"closed","template":"","meta":{"footnotes":""},"class_list":["post-36","page","type-page","status-publish","hentry","post-preview"],"_links":{"self":[{"href":"http:\/\/xn--fmmelse-n2a.info\/index.php?rest_route=\/wp\/v2\/pages\/36","targetHints":{"allow":["GET"]}}],"collection":[{"href":"http:\/\/xn--fmmelse-n2a.info\/index.php?rest_route=\/wp\/v2\/pages"}],"about":[{"href":"http:\/\/xn--fmmelse-n2a.info\/index.php?rest_route=\/wp\/v2\/types\/page"}],"author":[{"embeddable":true,"href":"http:\/\/xn--fmmelse-n2a.info\/index.php?rest_route=\/wp\/v2\/users\/1"}],"replies":[{"embeddable":true,"href":"http:\/\/xn--fmmelse-n2a.info\/index.php?rest_route=%2Fwp%2Fv2%2Fcomments&post=36"}],"version-history":[{"count":4,"href":"http:\/\/xn--fmmelse-n2a.info\/index.php?rest_route=\/wp\/v2\/pages\/36\/revisions"}],"predecessor-version":[{"id":53,"href":"http:\/\/xn--fmmelse-n2a.info\/index.php?rest_route=\/wp\/v2\/pages\/36\/revisions\/53"}],"wp:attachment":[{"href":"http:\/\/xn--fmmelse-n2a.info\/index.php?rest_route=%2Fwp%2Fv2%2Fmedia&parent=36"}],"curies":[{"name":"wp","href":"https:\/\/api.w.org\/{rel}","templated":true}]}}